p = p + 18. Suppose -5 = -w - 3*i, 2*w - 4*w - 5*i = -p. Is (-3267)/w - (-2)/7 prime?
True
Suppose 8*f = 14*f - 24. Suppose 0 = -4*o - 4*p + 4300, f*p + 5 - 13 = 0. Is o composite?
True
Let s(l) = -20896*l + 6585. Is s(-49) a prime number?
False
Let o = -268701 - -674360. Is o composite?
False
Let o(s) = s**3 + 24*s**2 - 2*s - 46. Let w be o(-24). Suppose 3*c - 1227 = w*z, -c - 4*c - 4*z = -2045. Is c a prime number?
True
Suppose -3*t + 4*g + 105117 = 0, -4*t + 70728 + 69366 = 5*g. Is t a composite number?
True
Let s(w) = 13711*w - 3715. Is s(20) prime?
False
Let u(m) be the first derivative of 45641*m**4/4 - 2*m**3/3 + 3*m**2/2 - m - 20. Is u(1) prime?
True
Suppose g - 141380 = 16*p - 18*p, 0 = -4*p + 4*g + 282724. Is p composite?
False
Let k = 505431 + -197810. Is k prime?
False
Let k = -98 + 42. Let d be (-8)/((-80)/(-75))*k/6. Is 7/(d/4) - (-77206)/10 composite?
True
Let o(v) = -v + 1. Let w(s) = 6*s**2 + 29*s + 62. Let h(q) = 6*o(q) + w(q). Is h(-27) composite?
False
Let m be (63/(-42))/((-2)/152). Let p = m - 53. Let v = 200 - p. Is v composite?
False
Let g(c) = -c**2 - 15*c + 59. Let p be g(-18). Suppose -m - 4007 = -3*l + 59, -p*l = 2*m - 6795. Is l composite?
True
Suppose 254*o - 101*o - 1964673 = 0. Is o composite?
False
Let k be (-3364)/(-16) + (-5)/20. Let v be (24/10)/((-11)/55). Is 5*k - (-3)/v*4 composite?
False
Let a be 18/16*1496/561. Let z(r) = 2*r - 5. Let x be z(6). Suppose a*u - x*u = -996. Is u a prime number?
False
Suppose 4*n + 2*p = -0*p, 0 = -2*n + 4*p + 20. Is -2*(12258/(-12) - n) composite?
True
Let h(k) = 77*k**2 - 19*k - 3. Let s = -70 - -76. Suppose s*u + 29 + 1 = 0. Is h(u) composite?
False
Let q(m) = -5*m + 3 + 1 + 0 + 127*m. Let v = -16 + 21. Is q(v) a prime number?
False
Let k(b) be the second derivative of 22*b**3 + 167*b**2/2 - 299*b. Is k(21) a composite number?
False
Let h = 30057 + -15622. Let k = -1172 + h. Is k composite?
True
Suppose 2*p + 71 = 5*x + 6*p, -5*x + p + 76 = 0. Suppose -3*a = 15 + x. Is (-4)/(-2)*(-15)/a - -1130 a prime number?
False
Let f be 2/(-1 + (-1962)/(-1964)). Let a(p) = p**3 - 21*p**2 + 40*p - 32. Let h be a(19). Is f/h*(-42)/28 prime?
True
Suppose 176 + 264 = -10*q. Let h = q + 44. Is 5/(-75)*-5*(h - -4395) a prime number?
False
Let y(j) = -j**3 + 101*j**2 + 397*j + 605. Is y(104) a composite number?
True
Let o = 37486 - 10125. Is o a prime number?
True
Suppose p + 4*f + 14 = 39, 25 = 2*p + 3*f. Suppose -p*l + 969 = 184. Is l composite?
False
Let a(c) = 71*c + 309. Let d be a(-28). Let p = d - -65502. Is p prime?
True
Suppose -78 + 75 = -i. Suppose 0 = -2*a - i*d + 28985, 4*a - 2*d = -a + 72415. Is a a composite number?
True
Suppose 19*q - 2744997 + 1428330 = 1429574. Is q a prime number?
True
Suppose 0 = 2*c + 46 + 90. Suppose -y - 177*i + 173 = -176*i, -170 = -y - 4*i. Let u = c + y. Is u composite?
True
Suppose 5*n - n = 0. Suppose 5*x = -k - 2, n*x = -2*x + 2*k + 4. Suppose -a + 495 + 314 = x. Is a composite?
False
Let g be 18/(-4)*(-160)/30. Suppose 12*k - 14*k + g = 0. Suppose -9*m + k*m = 207. Is m prime?
False
Is (-62550994)/(-410) - (-2)/(-5) a composite number?
False
Let o be (-4 - -9 - 7)*-4. Let i be o/18*(-36)/(-8). Is ((-1247)/i + -1)/(1/(-2)) composite?
False
Is -24*(-3)/144*735898 a prime number?
True
Let d(y) = -12*y**2 + 3*y + 2. Let q be d(2). Let n be (99/2)/((-1)/q*6). Let g = -119 + n. Is g a composite number?
False
Suppose -3*k + 241 = 4*x, 3*x - 409 = -5*k - 0*k. Let h = 86 - k. Suppose 4*y = 5*d + 622 + 1074, -h*y + d + 1261 = 0. Is y a composite number?
False
Let g(v) = -17*v**2 + 15*v + 12*v**2 - 95 + 13*v**2 + 5*v + 10*v**2. Is g(27) a prime number?
True
Suppose 312 = 3*s + 1002. Let x = 902 - 381. Let h = s + x. Is h prime?
False
Let p(h) = -h**3 - 6*h**2 - 4*h. Let o be p(-4). Let q = -17 - o. Is ((-3)/q - 1)*4198/4 prime?
True
Let h be (35/28 + -1)/((-2)/(-24)). Suppose -2*d = 5*b - 56, 3*d - h*b - 19 = 23. Let v = 205 - d. Is v a prime number?
False
Suppose 3*z + 0*z - 40 = -5*u, u - z = 0. Suppose a - u*a + 3*m = -18053, -4*m + 22543 = 5*a. Is a a composite number?
True
Let c = -99083 + 148186. Is c a composite number?
False
Let y(z) = 29354*z - 4171. Is y(7) prime?
True
Suppose -k = -4*k + 4*z - 26, -2*z = 3*k + 32. Let u(o) = -o**3 + o**2 - 13*o + 17. Is u(k) prime?
False
Let d(m) = 1 + 1 - 151*m + 5 - 28*m. Let q be d(-2). Suppose -4*n = -q - 167. Is n a prime number?
False
Let u be (22 - 2)*1/(-36)*-9. Suppose 0 = 5*a, u*k = -4*a + a + 6305. Is k a composite number?
True
Suppose -57 = -3*s + 4*s - 3*x, -5*s + 4*x = 307. Is 1903 - (s/15 + 1/5) prime?
True
Is (-200534*2/(-8))/((-3)/(-6)) a composite number?
False
Suppose 0 = 5*a + b + 635, 5*a - 2*a = 5*b - 381. Let h(g) = -g**3 + g**2 - g + 346. Let y be h(0). Let t = y - a. Is t prime?
False
Let p = -168719 - -348106. Is p prime?
False
Let i = 505 + -502. Suppose -i*t + c = -7735, -5*t - 2*c - 132 = -13031. Is t composite?
False
Suppose 5*h - 2*o - 10 = 0, -5*h + 3*h - 4*o = 20. Suppose 19*k - 22083 - 5258 = h. Is k a composite number?
False
Let t(b) = 12282*b**2 + 58*b + 7. Is t(3) a prime number?
False
Let s(h) = 2*h**3 + 7*h**2 + 4*h + 8. Let k be s(-3). Let c be (-4 - -2)*(-5)/2. Suppose 0 = c*i + 5*y - 9630, 2*y + 3240 + 6425 = k*i. Is i a prime number?
True
Is (-69)/46*-58*(-2386)/(-6) a composite number?
True
Let d(f) = 397*f**2 - 3*f - 23. Let i = 194 + -198. Is d(i) prime?
False
Suppose 0 = y + 4*f - 110, 2*y + f = -f + 220. Suppose -114*o = -y*o - 29804. Is o a composite number?
False
Is (-4)/(-2) + (-10)/50*-66345 prime?
False
Suppose -332*y = -324*y - 249946 - 125998. Is y prime?
True
Suppose -35*v - 90002 = -2*h - 33*v, 5*v - 135027 = -3*h. Suppose 13*z - h = 44683. Is z a composite number?
False
Suppose -2*k + 5*i + 16 = 0, 11*i = -5*k + 6*i + 110. Is (6 - 114/k)*-50829 a prime number?
True
Let t = -2840 + 2837. Let y(h) = 9*h**3 + 2*h**2 - 4*h + 10. Let w(r) = 9*r**3 + r**2 - 4*r + 9. Let a(s) = -3*w(s) + 2*y(s). Is a(t) a composite number?
False
Suppose 0*i + 5*k = -5*i + 25, 9 = 5*i - 3*k. Let n(d) = 96*d**3 - d**2 - 5*d + 13. Is n(i) prime?
False
Is (-1 - -7) + (76266 - (2 - 25)) composite?
True
Let l(k) = 21 + 1 - 11*k - 12. Let g(h) = 10*h - 9. Let m(i) = -6*g(i) - 5*l(i). Is m(-1) a prime number?
False
Is (5622/(-18))/((-9917)/(-17367) + 28/(-49)) composite?
True
Let z(s) = -355*s + 2418. Is z(-13) composite?
True
Let y be 0 - (-149092)/6 - (-14)/42. Suppose -15*l = -6*l - y. Is l prime?
False
Let q = 5146234 - 3633167. Is q a composite number?
False
Is (-6)/12 + 0 - 1029180/(-40) composite?
True
Let t(m) = 2135*m - 3979. Is t(28) composite?
True
Let s = -91163 - -135514. Is s a composite number?
False
Let b(u) = -160*u - 1. Let c be -6*(8 - -1)*(-2 - -1). Suppose -7*p - c = -p. Is b(p) a composite number?
False
Is ((-445741)/5)/((24/120)/(-3 + 2)) prime?
True
Let h be (-2 + (-78)/(-24))*360. Is 32/(72/(-9)) - h/(-1) composite?
True
Is 3 + (-1847864)/(-57)*(-3)/(-2) prime?
False
Suppose -9*f + 12*f = 4*r - 534590, r - 3*f = 133643. Is r composite?
False
Is (6 + -7)*124636*(-5 - (-95)/20) a prime number?
True
Suppose 2024*t - 52834847 = 1791*t. Is t composite?
True
Suppose -w + 24545 = 2*d, -12283 = 4*d - 5*d + 3*w. Suppose 8*i - d = -2*u + 12*i, 12283 = 2*u + 5*i. Is u a composite number?
True
Suppose 4*f - 122 = f - 4*d, 4*f + 2*d - 146 = 0. Let w be (f/(-6))/((-11)/(-132)). Let i = 1311 + w. Is i a prime number?
False
Let g(d) = -d**2 + 49*d + 47. Let r(q) = q**2 - q + 2. Let i(t) = -g(t) + 3*r(t). Is i(-38) prime?
False
Let c = 534385 + -96476. Is c composite?
False
Suppose 5*d = 5*y + 167410, 5*d + 2*y = 58032 + 109357. Is d a prime number?
True
Let f = 51 + -44. Let m(t) = 1125*t - 13. Let k(w) = 375*w - 4. Let a(c) = f*k(c) - 2*m(c). Is a(1) composite?
False
Let g = 45032 + 57014. Suppose 0 = 19*n + g - 370763. Is n a composite number?
False
Let r(a) = -a. Let d(z) = -108*z - 53. Let q(m) = d(m) + 6*r(m). Suppose 22 = 13*b - 15*b. Is q(b) composite?
False
Let o = 81 - 46. Suppose 18*y = o*y - 38029. Is y prime?
True
Suppose -1 = -3*m + z, 2*m = m - 3*z + 7. Let o(d) = -d - 5. Let b be o(-4). Is 3 + 94 + (b + 1)*m composite?
False
Let j(v) = 13*v**2 + 19*v - 7. Let q(a) = a - 3. Let t be q(-1). Let m(z) = -z**2 + 7*z + 34. Let k be m(t). Is j(k) a composite numb